1
What is the hundreds digit of 2359?
3
What is the thousands digit of 2247?
2
What is the hundreds digit of 1884?
8
What is the hundreds digit of 19944?
9
What is the tens digit of 32353?
5
What is the units digit of 55?
5
What is the ten thousands digit of 12851?
1
What is the thousands digit of 68866?
8
What is the ten thousands digit of 163671?
6
What is the units digit of 3980?
0
What is the tens digit of 1886?
8
What is the hundreds digit of 11967?
9
What is the units digit of 164?
4
What is the tens digit of 15676?
7
What is the units digit of 1497?
7
What is the ten thousands digit of 26171?
2
What is the units digit of 415?
5
What is the units digit of 17311?
1
What is the units digit of 18825?
5
What is the thousands digit of 4556?
4
What is the tens digit of 63?
6
What is the tens digit of 35667?
6
What is the units digit of 5288?
8
What is the hundreds digit of 15494?
4
What is the thousands digit of 2206?
2
What is the units digit of 1702?
2
What is the tens digit of 1999?
9
What is the hundreds digit of 12721?
7
What is the thousands digit of 3463?
3
What is the tens digit of 552?
5
What is the tens digit of 22967?
6
What is the thousands digit of 2040?
2
What is the ten thousands digit of 22223?
2
What is the ten thousands digit of 15906?
1
What is the hundreds digit of 6834?
8
What is the hundreds digit of 6370?
3
What is the hundreds digit of 624?
6
What is the units digit of 2137?
7
What is the ten thousands digit of 10529?
1
What is the hundreds digit of 2047?
0
What is the hundreds digit of 1334?
3
What is the units digit of 153958?
8
What is the units digit of 403?
3
What is the thousands digit of 111363?
1
What is the hundreds digit of 5101?
1
What is the hundreds digit of 6181?
1
What is the ten thousands digit of 44479?
4
What is the thousands digit of 9414?
9
What is the ten thousands digit of 20854?
2
What is the units digit of 131?
1
What is the thousands digit of 18089?
8
What is the units digit of 1097?
7
What is the tens digit of 101264?
6
What is the tens digit of 10714?
1
What is the tens digit of 6033?
3
What is the ten thousands digit of 31319?
3
What is the thousands digit of 2710?
2
What is the units digit of 3452?
2
What is the tens digit of 4336?
3
What is the tens digit of 579?
7
What is the hundreds digit of 48844?
8
What is the hundreds digit of 5204?
2
What is the tens digit of 2100?
0
What is the units digit of 170?
0
What is the tens digit of 3786?
8
What is the tens digit of 2586?
8
What is the units digit of 2373?
3
What is the tens digit of 595?
9
What is the tens digit of 10854?
5
What is the units digit of 11574?
4
What is the units digit of 2736?
6
What is the ten thousands digit of 69166?
6
What is the ten thousands digit of 20579?
2
What is the tens digit of 7771?
7
What is the thousands digit of 84000?
4
What is the thousands digit of 28453?
8
What is the units digit of 3930?
0
What is the hundreds digit of 897?
8
What is the hundreds digit of 2044?
0
What is the hundreds digit of 3297?
2
What is the tens digit of 78648?
4
What is the hundreds digit of 1104?
1
What is the tens digit of 439?
3
What is the thousands digit of 6407?
6
What is the hundreds digit of 17945?
9
What is the thousands digit of 1092?
1
What is the units digit of 237?
7
What is the hundreds digit of 42629?
6
What is the hundreds digit of 152?
1
What is the hundreds digit of 377?
3
What is the hundreds digit of 19624?
6
What is the tens digit of 7324?
2
What is the thousands digit of 6765?
6
What is the tens digit of 17020?
2
What is the tens digit of 5091?
9
What is the hundreds digit of 9907?
9
What is the units digit of 4408?
8
What is the units digit of 800?
0
What is the tens digit of 1346?
4
What is the thousands digit of 7469?
7
What is the units digit of 567?
7
What is the units digit of 4838?
8
What is the tens digit of 908?
0
What is the units digit of 906?
6
What is the ten thousands digit of 30237?
3
What is the hundreds digit of 1247?
2
What is the hundreds digit of 771?
7
What is the tens digit of 3822?
2
What is the thousands digit of 46071?
6
What is the units digit of 171?
1
What is the thousands digit of 18820?
8
What is the hundreds digit of 126083?
0
What is the hundreds digit of 3428?
4
What is the thousands digit of 4552?
4
What is the tens digit of 19402?
0
What is the units digit of 408?
8
What is the units digit of 779?
9
What is the hundreds digit of 582?
5
What is the units digit of 6473?
3
What is the tens digit of 1888?
8
What is the thousands digit of 1032?
1
What is the hundreds digit of 40069?
0
What is the tens digit of 38061?
6
What is the tens digit of 48098?
9
What is the units digit of 53424?
4
What is the hundreds digit of 187?
1
What is the tens digit of 77051?
5
What is the thousands digit of 1259?
1
What is the tens digit of 1317?
1
What is the units digit of 10277?
7
What is the units digit of 5248?
8
What is the thousands digit of 20457?
0
What is the hundreds digit of 21865?
8
What is the thousands digit of 1290?
1
What is the hundreds digit of 24190?
1
What is the thousands digit of 20194?
0
What is the units digit of 5280?
0
What is the thousands digit of 11903?
1
What is the hundreds digit of 9616?
6
What is the hundreds digit of 52617?
6
What is the thousands digit of 3078?
3
What is the tens digit of 372?
7
What is the tens digit of 9958?
5
What is the thousands digit of 78460?
8
What is the units digit of 4156?
6
What is the tens digit of 91175?
7
What is the hundreds digit of 980?
9
What is the tens digit of 461?
6
What is the tens digit of 44664?
6
What is the hundreds digit of 37475?
4
What is the units digit of 84860?
0
What is the hundreds digit of 4174?
1
What is the units digit of 668?
8
What is the thousands digit of 1951?
1
What is the ten thousands digit of 12659?
1
What is the tens digit of 1165?
6
What is the tens digit of 16061?
6
What is the units digit of 96?
6
What is the hundreds digit of 14381?
3
What is the hundreds digit of 732?
7
What is the units digit of 251?
1
What is the tens digit of 14189?
8
What is the thousands digit of 1809?
1
What is the thousands digit of 42125?
2
What is the hundreds digit of 1619?
6
What is the hundreds digit of 690?
6
What is the units digit of 10494?
4
What is the units digit of 596?
6
What is the hundreds digit of 2556?
5
What is the units digit of 2619?
9
What is the tens digit of 807?
0
What is the hundreds digit of 628?
6
What is the tens digit of 317?
1
What is the thousands digit of 13940?
3
What is the tens digit of 27464?
6
What is the tens digit of 6707?
0
What is the tens digit of 221?
2
What is the units digit of 356?
6
What is the hundreds digit of 15681?
6
What is the hundreds digit of 77643?
6
What is the units digit of 3007?
7
What is the thousands digit of 85567?
5
What is the ten thousands digit of 24139?
2
What is the hundreds digit of 5929?
9
What is the units digit of 7649?
9
What is the tens digit of 159534?
3
What is the tens digit of 110?
1
What is the tens digit of 1239?
3
What is the hundred thousands digit of 108193?
1
What is the hundreds digit of 2166?
1
What is the ten thousands digit of 61673?
6
What is the thousands digit of 4929?
4
What is the units digit of 18442?
2
What is the tens digit of 5224?
2
What is the hundreds digit of 1544?
5
What is the tens digit of 548?
4
What is the thousands digit of 3064?
3
What is the units digit of 69766?
6
What is the hundreds digit of 117076?
0
What is the tens digit of 2650?
5
What is the hundreds digit of 797?
7
What is the hundreds digit of 4517?
5
What is the tens digit of 6018?
1
What is the hundreds digit of 7956?
9
What is the thousands digit of 1378?
1
What is the tens digit of 2052?
5
What is the units digit of 2437?
7
What is the units digit of 833?
3
What is the units digit of 2233?
3
What is the thousands digit of 66556?
6
What is the tens digit of 2649?
4
What is the units digit of 5631?
1
What is the thousands digit of 2077?
2
What is the tens digit of 9698?
9
What is the units digit of 3667?
7
What is the thousands digit of 2534?
2
What is the tens digit of 15608?
0
What is the tens digit of 13248?
4
What is the thousands digit of 19191?
9
What is the thousands digit of 22074?
2
What is the thousands digit of 19426?
9
What is the h